72 is divided by 64.
20
What is the remainder when 431314 is divided by 395?
369
Calculate the remainder when 58020 is divided by 52882.
5138
Calculate the remainder when 32260380 is divided by 1642.
6
What is the remainder when 69592 is divided by 5766?
400
Calculate the remainder when 9944817 is divided by 310775.
17
Calculate the remainder when 1069570 is divided by 66.
40
Calculate the remainder when 36167785 is divided by 6027962.
13
What is the remainder when 217021 is divided by 642?
25
What is the remainder when 24052982 is divided by 55?
52
What is the remainder when 2507326 is divided by 8443?
8198
What is the remainder when 166093 is divided by 455?
18
Calculate the remainder when 315890 is divided by 105283.
41
Calculate the remainder when 50192 is divided by 3324.
332
Calculate the remainder when 8903323 is divided by 4.
3
What is the remainder when 9113004 is divided by 4452?
4212
What is the remainder when 1187850 is divided by 951?
51
What is the remainder when 1957650 is divided by 3892?
3866
Calculate the remainder when 9681420 is divided by 41551.
37
What is the remainder when 31613649 is divided by 371?
368
Calculate the remainder when 37449 is divided by 18347.
755
What is the remainder when 866999 is divided by 2735?
4
Calculate the remainder when 47816 is divided by 5960.
136
Calculate the remainder when 4591308 is divided by 765217.
6
Calculate the remainder when 19080004 is divided by 590.
584
What is the remainder when 658496399 is divided by 118?
113
What is the remainder when 1040159 is divided by 160?
159
Calculate the remainder when 123273794 is divided by 8331.
8318
What is the remainder when 369232 is divided by 1568?
752
Calculate the remainder when 1078497 is divided by 215698.
7
What is the remainder when 263012 is divided by 1291?
939
What is the remainder when 668259 is divided by 684?
675
What is the remainder when 354100 is divided by 1158?
910
What is the remainder when 786683880 is divided by 16?
8
Calculate the remainder when 2625576 is divided by 53573.
499
Calculate the remainder when 2380548 is divided by 9677.
6
Calculate the remainder when 243275 is divided by 3799.
139
Calculate the remainder when 5177 is divided by 3820.
1357
What is the remainder when 3690898 is divided by 283913?
29
What is the remainder when 20968752 is divided by 15?
12
Calculate the remainder when 2003409 is divided by 318.
9
Calculate the remainder when 1047194 is divided by 173954.
3470
Calculate the remainder when 288158 is divided by 35233.
6294
What is the remainder when 388278 is divided by 1103?
22
Calculate the remainder when 2811112 is divided by 702776.
8
Calculate the remainder when 5848069 is divided by 31.
12
Calculate the remainder when 196492 is divided by 39296.
12
Calculate the remainder when 87775 is divided by 19810.
8535
Calculate the remainder when 21405514 is divided by 11.
9
Calculate the remainder when 15373 is divided by 7601.
171
Calculate the remainder when 913353 is divided by 13.
12
Calculate the remainder when 1111550 is divided by 111148.
70
What is the remainder when 5799240 is divided by 18890?
10
Calculate the remainder when 1912589 is divided by 343.
21
Calculate the remainder when 608941 is divided by 35811.
154
Calculate the remainder when 3003702 is divided by 651.
639
What is the remainder when 10131919 is divided by 22?
17
Calculate the remainder when 120719503 is divided by 4111.
4099
Calculate the remainder when 2276114 is divided by 2275396.
718
Calculate the remainder when 165314 is divided by 5312.
642
Calculate the remainder when 77260 is divided by 4826.
44
Calculate the remainder when 147800 is divided by 9095.
2280
Calculate the remainder when 27572347 is divided by 3446543.
3
Calculate the remainder when 27088647 is divided by 6772140.
87
Calculate the remainder when 5299074 is divided by 1766336.
66
What is the remainder when 4701627 is divided by 391802?
3
What is the remainder when 44225 is divided by 1893?
686
Calculate the remainder when 8699941 is divided by 61.
60
Calculate the remainder when 12100559 is divided by 11.
9
Calculate the remainder when 25394 is divided by 17098.
8296
Calculate the remainder when 402956 is divided by 134296.
68
What is the remainder when 110763186 is divided by 296?
282
Calculate the remainder when 6619727 is divided by 945675.
2
What is the remainder when 26158636 is divided by 38?
6
What is the remainder when 1017462 is divided by 1429?
14
What is the remainder when 4238528 is divided by 599?
4
What is the remainder when 1083740 is divided by 927?
77
Calculate the remainder when 1147721 is divided by 15479.
2275
What is the remainder when 19811648 is divided by 85395?
8
What is the remainder when 10449 is divided by 10410?
39
What is the remainder when 1669228 is divided by 102?
100
Calculate the remainder when 17924381 is divided by 896217.
41
What is the remainder when 9209086 is divided by 63?
61
Calculate the remainder when 8851647 is divided by 160935.
222
Calculate the remainder when 322307 is divided by 6712.
131
Calculate the remainder when 6772086 is divided by 812.
6
Calculate the remainder when 3356782 is divided by 149.
110
What is the remainder when 69547 is divided by 1486?
1191
Calculate the remainder when 137277 is divided by 68636.
5
Calculate the remainder when 376072 is divided by 2057.
1698
What is the remainder when 5487308 is divided by 2352?
92
What is the remainder when 14704 is divided by 975?
79
What is the remainder when 4451823 is divided by 2261?
2175
What is the remainder when 863780 is divided by 431888?
4
What is the remainder when 310051146 is divided by 763?
755
Calculate the remainder when 3370287 is divided by 165.
162
Calculate the remainder when 56116861 is divided by 4657.
11
Calculate the remainder when 14857298 is divided by 3.
2
What is the remainder when 5594612 is divided by 2291?
2281
What is the remainder when 378246 is divided by 467?
443
Calculate the remainder when 38081465 is divided by 33.
26
What is the remainder when 190531 is divided by 15846?
379
What is the remainder when 4819063 is divided by 14?
11
Calculate the remainder when 869884 is divided by 6491.
90
What is the remainder when 2029589 is divided by 16773?
56
Calculate the remainder when 90394859 is divided by 7532904.
11
Calculate the remainder when 182116797 is divided by 81557.
16
What is the remainder when 35909 is divided by 872?
157
What is the remainder when 234219 is divided by 58482?
291
What is the remainder when 4518668 is divided by 74?
6
What is the remainder when 3081154 is divided by 3081059?
95
What is the remainder when 1854705 is divided by 123645?
30
Calculate the remainder when 40661384 is divided by 339.
29
Calculate the remainder when 3338238 is divided by 15.
3
What is the remainder when 327110613 is divided by 1407?
1404
Calculate the remainder when 6508397 is divided by 530.
527
Calculate the remainder when 98613824 is divided by 7043844.
8
Calculate the remainder when 125079 is divided by 1869.
1725
What is the remainder when 1627130 is divided by 21988?
18
What is the remainder when 32165619 is divided by 6142?
6107
What is the remainder when 4624250 is divided by 109?
34
Calculate the remainder when 82953167 is divided by 17586.
5
What is the remainder when 3665801 is divided by 14318?
393
What is the remainder when 57700070 is divided by 99?
98
Calculate the remainder when 100721 is divided by 4657.
2924
Calculate the remainder when 185295 is divided by 51.
12
Calculate the remainder when 4652691 is divided by 775443.
33
What is the remainder when 715268407 is divided by 3?
1
Calculate the remainder when 175060 is divided by 58297.
169
Calculate the remainder when 12811627 is divided by 2583.
2530
Calculate the remainder when 59031 is divided by 28681.
1669
What is the remainder when 2405390 is divided by 695?
690
Calculate the remainder when 1461533 is divided by 96.
29
Calculate the remainder when 1569748 is divided by 91.
89
What is the remainder when 205091 is divided by 10793?
24
What is the remainder when 76223 is divided by 25325?
248
What is the remainder when 58663 is divided by 14597?
275
What is the remainder when 453855 is divided by 64750?
605
Calculate the remainder when 188748